{"id":711,"date":"2021-02-22T09:31:44","date_gmt":"2021-02-22T08:31:44","guid":{"rendered":"https:\/\/avision.de\/wordpress\/?page_id=711"},"modified":"2021-05-03T16:36:32","modified_gmt":"2021-05-03T14:36:32","slug":"scanomat","status":"publish","type":"page","link":"https:\/\/avision.de\/wordpress\/?page_id=711","title":{"rendered":"Scanomat"},"content":{"rendered":"\t\t<div data-elementor-type=\"wp-page\" data-elementor-id=\"711\" class=\"elementor elementor-711\" data-elementor-settings=\"[]\">\n\t\t\t\t\t\t<div class=\"elementor-inner\">\n\t\t\t\t\t\t\t<div class=\"elementor-section-wrap\">\n\t\t\t\t\t\t\t<section class=\"elementor-section elementor-top-section elementor-element elementor-element-2060ad6 elementor-section-boxed elementor-section-height-default elementor-section-height-default\" data-id=\"2060ad6\" data-element_type=\"section\">\n\t\t\t\t\t\t<div class=\"elementor-container elementor-column-gap-default\">\n\t\t\t\t\t\t\t<div class=\"elementor-row\">\n\t\t\t\t\t<div class=\"elementor-column elementor-col-33 elementor-top-column elementor-element elementor-element-99f3e06\" data-id=\"99f3e06\" data-element_type=\"column\">\n\t\t\t<div class=\"elementor-column-wrap elementor-element-populated\">\n\t\t\t\t\t\t\t<div class=\"elementor-widget-wrap\">\n\t\t\t\t\t\t<div class=\"elementor-element elementor-element-6d6e7da elementor-widget elementor-widget-image\" data-id=\"6d6e7da\" data-element_type=\"widget\" data-widget_type=\"image.default\">\n\t\t\t\t<div class=\"elementor-widget-container\">\n\t\t\t\t\t<div class=\"elementor-image\">\n\t\t\t\t\t\t\t\t\t\t<img loading=\"lazy\" decoding=\"async\" width=\"150\" height=\"51\" src=\"https:\/\/avision.de\/wordpress\/wp-content\/uploads\/2021\/01\/Avisionlogo_150px.jpg\" class=\"attachment-large size-large\" alt=\"Avision Logo\" \/>\t\t\t\t\t\t\t\t\t\t\t<\/div>\n\t\t\t\t<\/div>\n\t\t\t\t<\/div>\n\t\t\t\t\t\t<\/div>\n\t\t\t\t\t<\/div>\n\t\t<\/div>\n\t\t\t\t<div class=\"elementor-column elementor-col-33 elementor-top-column elementor-element elementor-element-14ef7bc\" data-id=\"14ef7bc\" data-element_type=\"column\">\n\t\t\t<div class=\"elementor-column-wrap elementor-element-populated\">\n\t\t\t\t\t\t\t<div class=\"elementor-widget-wrap\">\n\t\t\t\t\t\t<div class=\"elementor-element elementor-element-0ed78ee elementor-widget elementor-widget-heading\" data-id=\"0ed78ee\" data-element_type=\"widget\" data-widget_type=\"heading.default\">\n\t\t\t\t<div class=\"elementor-widget-container\">\n\t\t\t<p class=\"elementor-heading-title elementor-size-default\">Telefon 02154 - 88850-20<br><span style=\"font-family: Roboto, sans-serif; font-size: 12px; font-style: normal; font-variant-ligatures: normal; font-variant-caps: normal; font-weight: 400; white-space: normal;\">Mo-Do  9:00 ~ 13:00 &amp; 14:00 ~ 17:00 Uhr<\/span><br><span style=\"font-family: Roboto, sans-serif; font-size: 12px; font-style: normal; font-variant-ligatures: normal; font-variant-caps: normal; font-weight: 400; white-space: normal;\">Fr. 9:00 ~ 13:00 Uhr<\/span><\/p>\t\t<\/div>\n\t\t\t\t<\/div>\n\t\t\t\t\t\t<\/div>\n\t\t\t\t\t<\/div>\n\t\t<\/div>\n\t\t\t\t<div class=\"elementor-column elementor-col-33 elementor-top-column elementor-element elementor-element-d5886d9\" data-id=\"d5886d9\" data-element_type=\"column\">\n\t\t\t<div class=\"elementor-column-wrap\">\n\t\t\t\t\t\t\t<div class=\"elementor-widget-wrap\">\n\t\t\t\t\t\t\t\t<\/div>\n\t\t\t\t\t<\/div>\n\t\t<\/div>\n\t\t\t\t\t\t\t\t<\/div>\n\t\t\t\t\t<\/div>\n\t\t<\/section>\n\t\t\t\t<section class=\"elementor-section elementor-top-section elementor-element elementor-element-762bb1 elementor-section-height-min-height elementor-section-boxed elementor-section-height-default elementor-section-items-middle\" data-id=\"762bb1\" data-element_type=\"section\" data-settings=\"{&quot;background_background&quot;:&quot;classic&quot;,&quot;shape_divider_bottom&quot;:&quot;arrow&quot;,&quot;shape_divider_bottom_negative&quot;:&quot;yes&quot;}\">\n\t\t\t\t\t\t\t<div class=\"elementor-background-overlay\"><\/div>\n\t\t\t\t\t\t<div class=\"elementor-shape elementor-shape-bottom\" data-negative=\"true\">\n\t\t\t<svg xmlns=\"http:\/\/www.w3.org\/2000\/svg\" viewBox=\"0 0 700 10\" preserveAspectRatio=\"none\">\n\t<path class=\"elementor-shape-fill\" d=\"M360 0L350 9.9 340 0 0 0 0 10 700 10 700 0\"\/>\n<\/svg>\t\t<\/div>\n\t\t\t\t\t<div class=\"elementor-container elementor-column-gap-default\">\n\t\t\t\t\t\t\t<div class=\"elementor-row\">\n\t\t\t\t\t<div class=\"elementor-column elementor-col-100 elementor-top-column elementor-element elementor-element-6fc39445\" data-id=\"6fc39445\" data-element_type=\"column\">\n\t\t\t<div class=\"elementor-column-wrap\">\n\t\t\t\t\t\t\t<div class=\"elementor-widget-wrap\">\n\t\t\t\t\t\t\t\t<\/div>\n\t\t\t\t\t<\/div>\n\t\t<\/div>\n\t\t\t\t\t\t\t\t<\/div>\n\t\t\t\t\t<\/div>\n\t\t<\/section>\n\t\t\t\t<section class=\"elementor-section elementor-top-section elementor-element elementor-element-4b7a9690 elementor-section-content-middle elementor-section-boxed elementor-section-height-default elementor-section-height-default\" data-id=\"4b7a9690\" data-element_type=\"section\" data-settings=\"{&quot;background_background&quot;:&quot;classic&quot;}\">\n\t\t\t\t\t\t<div class=\"elementor-container elementor-column-gap-default\">\n\t\t\t\t\t\t\t<div class=\"elementor-row\">\n\t\t\t\t\t<div class=\"elementor-column elementor-col-100 elementor-top-column elementor-element elementor-element-4c202d3b\" data-id=\"4c202d3b\" data-element_type=\"column\">\n\t\t\t<div class=\"elementor-column-wrap elementor-element-populated\">\n\t\t\t\t\t\t\t<div class=\"elementor-widget-wrap\">\n\t\t\t\t\t\t<div class=\"elementor-element elementor-element-4d735937 elementor-widget elementor-widget-heading\" data-id=\"4d735937\" data-element_type=\"widget\" data-widget_type=\"heading.default\">\n\t\t\t\t<div class=\"elementor-widget-container\">\n\t\t\t<h3 class=\"elementor-heading-title elementor-size-default\">Finden Sie den richtigen Scanner<\/h3>\t\t<\/div>\n\t\t\t\t<\/div>\n\t\t\t\t\t\t<\/div>\n\t\t\t\t\t<\/div>\n\t\t<\/div>\n\t\t\t\t\t\t\t\t<\/div>\n\t\t\t\t\t<\/div>\n\t\t<\/section>\n\t\t\t\t<section class=\"elementor-section elementor-top-section elementor-element elementor-element-54b097e elementor-section-full_width elementor-section-height-default elementor-section-height-default\" data-id=\"54b097e\" data-element_type=\"section\">\n\t\t\t\t\t\t<div class=\"elementor-container elementor-column-gap-default\">\n\t\t\t\t\t\t\t<div class=\"elementor-row\">\n\t\t\t\t\t<div class=\"elementor-column elementor-col-100 elementor-top-column elementor-element elementor-element-da3963c\" data-id=\"da3963c\" data-element_type=\"column\">\n\t\t\t<div class=\"elementor-column-wrap elementor-element-populated\">\n\t\t\t\t\t\t\t<div class=\"elementor-widget-wrap\">\n\t\t\t\t\t\t<div class=\"elementor-element elementor-element-cc76c73 elementor-widget elementor-widget-shortcode\" data-id=\"cc76c73\" data-element_type=\"widget\" data-widget_type=\"shortcode.default\">\n\t\t\t\t<div class=\"elementor-widget-container\">\n\t\t\t\t\t<div class=\"elementor-shortcode\"><iframe src=\"https:\/\/avision.de\/scanomat\/\" height=\"600\"><\/iframe><\/div>\n\t\t\t\t<\/div>\n\t\t\t\t<\/div>\n\t\t\t\t\t\t<\/div>\n\t\t\t\t\t<\/div>\n\t\t<\/div>\n\t\t\t\t\t\t\t\t<\/div>\n\t\t\t\t\t<\/div>\n\t\t<\/section>\n\t\t\t\t<section class=\"elementor-section elementor-top-section elementor-element elementor-element-5e8bbac elementor-section-content-middle elementor-section-full_width elementor-section-height-default elementor-section-height-default\" data-id=\"5e8bbac\" data-element_type=\"section\" data-settings=\"{&quot;background_background&quot;:&quot;classic&quot;}\">\n\t\t\t\t\t\t<div class=\"elementor-container elementor-column-gap-default\">\n\t\t\t\t\t\t\t<div class=\"elementor-row\">\n\t\t\t\t\t<div class=\"elementor-column elementor-col-100 elementor-top-column elementor-element elementor-element-35747d0\" data-id=\"35747d0\" data-element_type=\"column\">\n\t\t\t<div class=\"elementor-column-wrap elementor-element-populated\">\n\t\t\t\t\t\t\t<div class=\"elementor-widget-wrap\">\n\t\t\t\t\t\t<section class=\"elementor-section elementor-inner-section elementor-element elementor-element-5783e47 elementor-section-boxed elementor-section-height-default elementor-section-height-default\" data-id=\"5783e47\" data-element_type=\"section\">\n\t\t\t\t\t\t<div class=\"elementor-container elementor-column-gap-default\">\n\t\t\t\t\t\t\t<div class=\"elementor-row\">\n\t\t\t\t\t<div class=\"elementor-column elementor-col-20 elementor-inner-column elementor-element elementor-element-54c5426\" data-id=\"54c5426\" data-element_type=\"column\">\n\t\t\t<div class=\"elementor-column-wrap elementor-element-populated\">\n\t\t\t\t\t\t\t<div class=\"elementor-widget-wrap\">\n\t\t\t\t\t\t<div class=\"elementor-element elementor-element-b42bdb6 elementor-widget elementor-widget-heading\" data-id=\"b42bdb6\" data-element_type=\"widget\" data-widget_type=\"heading.default\">\n\t\t\t\t<div class=\"elementor-widget-container\">\n\t\t\t<h6 class=\"elementor-heading-title elementor-size-default\"><a href=\"https:\/\/avision.de\/wordpress\/?page_id=369\">\u00dcber uns<\/a><\/h6>\t\t<\/div>\n\t\t\t\t<\/div>\n\t\t\t\t\t\t<\/div>\n\t\t\t\t\t<\/div>\n\t\t<\/div>\n\t\t\t\t<div class=\"elementor-column elementor-col-20 elementor-inner-column elementor-element elementor-element-beb612b\" data-id=\"beb612b\" data-element_type=\"column\">\n\t\t\t<div class=\"elementor-column-wrap elementor-element-populated\">\n\t\t\t\t\t\t\t<div class=\"elementor-widget-wrap\">\n\t\t\t\t\t\t<div class=\"elementor-element elementor-element-88f6650 elementor-widget elementor-widget-heading\" data-id=\"88f6650\" data-element_type=\"widget\" data-widget_type=\"heading.default\">\n\t\t\t\t<div class=\"elementor-widget-container\">\n\t\t\t<h2 class=\"elementor-heading-title elementor-size-default\"><a href=\"https:\/\/avision.de\/wordpress\/?page_id=395\">Bezugsquellen<\/a><\/h2>\t\t<\/div>\n\t\t\t\t<\/div>\n\t\t\t\t\t\t<\/div>\n\t\t\t\t\t<\/div>\n\t\t<\/div>\n\t\t\t\t<div class=\"elementor-column elementor-col-20 elementor-inner-column elementor-element elementor-element-5f541cd\" data-id=\"5f541cd\" data-element_type=\"column\">\n\t\t\t<div class=\"elementor-column-wrap elementor-element-populated\">\n\t\t\t\t\t\t\t<div class=\"elementor-widget-wrap\">\n\t\t\t\t\t\t<div class=\"elementor-element elementor-element-f93fcc5 elementor-widget elementor-widget-heading\" data-id=\"f93fcc5\" data-element_type=\"widget\" data-widget_type=\"heading.default\">\n\t\t\t\t<div class=\"elementor-widget-container\">\n\t\t\t<h2 class=\"elementor-heading-title elementor-size-default\"><a href=\"https:\/\/avision.de\/wordpress\/?page_id=410\">L\u00f6sungspartner<\/a><\/h2>\t\t<\/div>\n\t\t\t\t<\/div>\n\t\t\t\t\t\t<\/div>\n\t\t\t\t\t<\/div>\n\t\t<\/div>\n\t\t\t\t<div class=\"elementor-column elementor-col-20 elementor-inner-column elementor-element elementor-element-20f5f50\" data-id=\"20f5f50\" data-element_type=\"column\">\n\t\t\t<div class=\"elementor-column-wrap elementor-element-populated\">\n\t\t\t\t\t\t\t<div class=\"elementor-widget-wrap\">\n\t\t\t\t\t\t<div class=\"elementor-element elementor-element-97d36c9 elementor-widget elementor-widget-heading\" data-id=\"97d36c9\" data-element_type=\"widget\" data-widget_type=\"heading.default\">\n\t\t\t\t<div class=\"elementor-widget-container\">\n\t\t\t<h2 class=\"elementor-heading-title elementor-size-default\"><a href=\"https:\/\/avision.de\/wordpress\/?page_id=453\">Datenschutzerkl\u00e4rung<\/a><\/h2>\t\t<\/div>\n\t\t\t\t<\/div>\n\t\t\t\t\t\t<\/div>\n\t\t\t\t\t<\/div>\n\t\t<\/div>\n\t\t\t\t<div class=\"elementor-column elementor-col-20 elementor-inner-column elementor-element elementor-element-4a0329f\" data-id=\"4a0329f\" data-element_type=\"column\">\n\t\t\t<div class=\"elementor-column-wrap elementor-element-populated\">\n\t\t\t\t\t\t\t<div class=\"elementor-widget-wrap\">\n\t\t\t\t\t\t<div class=\"elementor-element elementor-element-6feffb6 elementor-widget elementor-widget-heading\" data-id=\"6feffb6\" data-element_type=\"widget\" data-widget_type=\"heading.default\">\n\t\t\t\t<div class=\"elementor-widget-container\">\n\t\t\t<h6 class=\"elementor-heading-title elementor-size-default\"><a href=\"https:\/\/www.avision.com\/\">Avision Inc.<\/a><\/h6>\t\t<\/div>\n\t\t\t\t<\/div>\n\t\t\t\t\t\t<\/div>\n\t\t\t\t\t<\/div>\n\t\t<\/div>\n\t\t\t\t\t\t\t\t<\/div>\n\t\t\t\t\t<\/div>\n\t\t<\/section>\n\t\t\t\t\t\t<\/div>\n\t\t\t\t\t<\/div>\n\t\t<\/div>\n\t\t\t\t\t\t\t\t<\/div>\n\t\t\t\t\t<\/div>\n\t\t<\/section>\n\t\t\t\t\t\t<\/div>\n\t\t\t\t\t\t<\/div>\n\t\t\t\t\t<\/div>\n\t\t","protected":false},"excerpt":{"rendered":"<p>Telefon 02154 &#8211; 88850-20Mo-Do 9:00 ~ 13:00 &amp; 14:00 ~ 17:00 UhrFr. 9:00 ~ 13:00 Uhr Finden Sie den richtigen Scanner \u00dcber uns Bezugsquellen L\u00f6sungspartner Datenschutzerkl\u00e4rung Avision Inc.<\/p>\n","protected":false},"author":1,"featured_media":0,"parent":0,"menu_order":0,"comment_status":"closed","ping_status":"closed","template":"","meta":{"footnotes":""},"class_list":["post-711","page","type-page","status-publish","hentry","entry"],"yoast_head":"<!-- This site is optimized with the Yoast SEO plugin v21.2 - https:\/\/yoast.com\/wordpress\/plugins\/seo\/ -->\n<title>Scanomat - Avision Europe GmbH<\/title>\n<meta name=\"robots\" content=\"index, follow, max-snippet:-1, max-image-preview:large, max-video-preview:-1\" \/>\n<link rel=\"canonical\" href=\"https:\/\/avision.de\/wordpress\/?page_id=711\" \/>\n<meta property=\"og:locale\" content=\"de_DE\" \/>\n<meta property=\"og:type\" content=\"article\" \/>\n<meta property=\"og:title\" content=\"Scanomat - Avision Europe GmbH\" \/>\n<meta property=\"og:description\" content=\"Telefon 02154 &#8211; 88850-20Mo-Do 9:00 ~ 13:00 &amp; 14:00 ~ 17:00 UhrFr. 9:00 ~ 13:00 Uhr Finden Sie den richtigen Scanner \u00dcber uns Bezugsquellen L\u00f6sungspartner Datenschutzerkl\u00e4rung Avision Inc.\" \/>\n<meta property=\"og:url\" content=\"https:\/\/avision.de\/wordpress\/?page_id=711\" \/>\n<meta property=\"og:site_name\" content=\"Avision Europe GmbH\" \/>\n<meta property=\"article:publisher\" content=\"https:\/\/avision.de\/wordpress\/\" \/>\n<meta property=\"article:modified_time\" content=\"2021-05-03T14:36:32+00:00\" \/>\n<meta property=\"og:image\" content=\"https:\/\/avision.de\/wordpress\/wp-content\/uploads\/2021\/01\/Avisionlogo_150px.jpg\" \/>\n<meta name=\"twitter:card\" content=\"summary_large_image\" \/>\n<script type=\"application\/ld+json\" class=\"yoast-schema-graph\">{\"@context\":\"https:\/\/schema.org\",\"@graph\":[{\"@type\":\"WebPage\",\"@id\":\"https:\/\/avision.de\/wordpress\/?page_id=711\",\"url\":\"https:\/\/avision.de\/wordpress\/?page_id=711\",\"name\":\"Scanomat - Avision Europe GmbH\",\"isPartOf\":{\"@id\":\"https:\/\/avision.de\/wordpress\/#website\"},\"datePublished\":\"2021-02-22T08:31:44+00:00\",\"dateModified\":\"2021-05-03T14:36:32+00:00\",\"breadcrumb\":{\"@id\":\"https:\/\/avision.de\/wordpress\/?page_id=711#breadcrumb\"},\"inLanguage\":\"de\",\"potentialAction\":[{\"@type\":\"ReadAction\",\"target\":[\"https:\/\/avision.de\/wordpress\/?page_id=711\"]}]},{\"@type\":\"BreadcrumbList\",\"@id\":\"https:\/\/avision.de\/wordpress\/?page_id=711#breadcrumb\",\"itemListElement\":[{\"@type\":\"ListItem\",\"position\":1,\"name\":\"Startseite\",\"item\":\"https:\/\/avision.de\/wordpress\/\"},{\"@type\":\"ListItem\",\"position\":2,\"name\":\"Scanomat\"}]},{\"@type\":\"WebSite\",\"@id\":\"https:\/\/avision.de\/wordpress\/#website\",\"url\":\"https:\/\/avision.de\/wordpress\/\",\"name\":\"Avision Europe GmbH\",\"description\":\"A professional way to scan\",\"publisher\":{\"@id\":\"https:\/\/avision.de\/wordpress\/#organization\"},\"potentialAction\":[{\"@type\":\"SearchAction\",\"target\":{\"@type\":\"EntryPoint\",\"urlTemplate\":\"https:\/\/avision.de\/wordpress\/?s={search_term_string}\"},\"query-input\":\"required name=search_term_string\"}],\"inLanguage\":\"de\"},{\"@type\":\"Organization\",\"@id\":\"https:\/\/avision.de\/wordpress\/#organization\",\"name\":\"Avision Europe GmbH\",\"url\":\"https:\/\/avision.de\/wordpress\/\",\"logo\":{\"@type\":\"ImageObject\",\"inLanguage\":\"de\",\"@id\":\"https:\/\/avision.de\/wordpress\/#\/schema\/logo\/image\/\",\"url\":\"https:\/\/avision.de\/wordpress\/wp-content\/uploads\/2021\/03\/OnePixel.png\",\"contentUrl\":\"https:\/\/avision.de\/wordpress\/wp-content\/uploads\/2021\/03\/OnePixel.png\",\"width\":1,\"height\":1,\"caption\":\"Avision Europe GmbH\"},\"image\":{\"@id\":\"https:\/\/avision.de\/wordpress\/#\/schema\/logo\/image\/\"},\"sameAs\":[\"https:\/\/avision.de\/wordpress\/\"]}]}<\/script>\n<!-- \/ Yoast SEO plugin. -->","yoast_head_json":{"title":"Scanomat - Avision Europe GmbH","robots":{"index":"index","follow":"follow","max-snippet":"max-snippet:-1","max-image-preview":"max-image-preview:large","max-video-preview":"max-video-preview:-1"},"canonical":"https:\/\/avision.de\/wordpress\/?page_id=711","og_locale":"de_DE","og_type":"article","og_title":"Scanomat - Avision Europe GmbH","og_description":"Telefon 02154 &#8211; 88850-20Mo-Do 9:00 ~ 13:00 &amp; 14:00 ~ 17:00 UhrFr. 9:00 ~ 13:00 Uhr Finden Sie den richtigen Scanner \u00dcber uns Bezugsquellen L\u00f6sungspartner Datenschutzerkl\u00e4rung Avision Inc.","og_url":"https:\/\/avision.de\/wordpress\/?page_id=711","og_site_name":"Avision Europe GmbH","article_publisher":"https:\/\/avision.de\/wordpress\/","article_modified_time":"2021-05-03T14:36:32+00:00","og_image":[{"url":"https:\/\/avision.de\/wordpress\/wp-content\/uploads\/2021\/01\/Avisionlogo_150px.jpg"}],"twitter_card":"summary_large_image","schema":{"@context":"https:\/\/schema.org","@graph":[{"@type":"WebPage","@id":"https:\/\/avision.de\/wordpress\/?page_id=711","url":"https:\/\/avision.de\/wordpress\/?page_id=711","name":"Scanomat - Avision Europe GmbH","isPartOf":{"@id":"https:\/\/avision.de\/wordpress\/#website"},"datePublished":"2021-02-22T08:31:44+00:00","dateModified":"2021-05-03T14:36:32+00:00","breadcrumb":{"@id":"https:\/\/avision.de\/wordpress\/?page_id=711#breadcrumb"},"inLanguage":"de","potentialAction":[{"@type":"ReadAction","target":["https:\/\/avision.de\/wordpress\/?page_id=711"]}]},{"@type":"BreadcrumbList","@id":"https:\/\/avision.de\/wordpress\/?page_id=711#breadcrumb","itemListElement":[{"@type":"ListItem","position":1,"name":"Startseite","item":"https:\/\/avision.de\/wordpress\/"},{"@type":"ListItem","position":2,"name":"Scanomat"}]},{"@type":"WebSite","@id":"https:\/\/avision.de\/wordpress\/#website","url":"https:\/\/avision.de\/wordpress\/","name":"Avision Europe GmbH","description":"A professional way to scan","publisher":{"@id":"https:\/\/avision.de\/wordpress\/#organization"},"potentialAction":[{"@type":"SearchAction","target":{"@type":"EntryPoint","urlTemplate":"https:\/\/avision.de\/wordpress\/?s={search_term_string}"},"query-input":"required name=search_term_string"}],"inLanguage":"de"},{"@type":"Organization","@id":"https:\/\/avision.de\/wordpress\/#organization","name":"Avision Europe GmbH","url":"https:\/\/avision.de\/wordpress\/","logo":{"@type":"ImageObject","inLanguage":"de","@id":"https:\/\/avision.de\/wordpress\/#\/schema\/logo\/image\/","url":"https:\/\/avision.de\/wordpress\/wp-content\/uploads\/2021\/03\/OnePixel.png","contentUrl":"https:\/\/avision.de\/wordpress\/wp-content\/uploads\/2021\/03\/OnePixel.png","width":1,"height":1,"caption":"Avision Europe GmbH"},"image":{"@id":"https:\/\/avision.de\/wordpress\/#\/schema\/logo\/image\/"},"sameAs":["https:\/\/avision.de\/wordpress\/"]}]}},"_links":{"self":[{"href":"https:\/\/avision.de\/wordpress\/index.php?rest_route=\/wp\/v2\/pages\/711","targetHints":{"allow":["GET"]}}],"collection":[{"href":"https:\/\/avision.de\/wordpress\/index.php?rest_route=\/wp\/v2\/pages"}],"about":[{"href":"https:\/\/avision.de\/wordpress\/index.php?rest_route=\/wp\/v2\/types\/page"}],"author":[{"embeddable":true,"href":"https:\/\/avision.de\/wordpress\/index.php?rest_route=\/wp\/v2\/users\/1"}],"replies":[{"embeddable":true,"href":"https:\/\/avision.de\/wordpress\/index.php?rest_route=%2Fwp%2Fv2%2Fcomments&post=711"}],"version-history":[{"count":38,"href":"https:\/\/avision.de\/wordpress\/index.php?rest_route=\/wp\/v2\/pages\/711\/revisions"}],"predecessor-version":[{"id":1322,"href":"https:\/\/avision.de\/wordpress\/index.php?rest_route=\/wp\/v2\/pages\/711\/revisions\/1322"}],"wp:attachment":[{"href":"https:\/\/avision.de\/wordpress\/index.php?rest_route=%2Fwp%2Fv2%2Fmedia&parent=711"}],"curies":[{"name":"wp","href":"https:\/\/api.w.org\/{rel}","templated":true}]}}